s of 130.
2, 5, 13
List the prime factors of 6062.
2, 7, 433
List the prime factors of 9849.
3, 7, 67
What are the prime factors of 18228?
2, 3, 7, 31
List the prime factors of 5776.
2, 19
List the prime factors of 1233.
3, 137
List the prime factors of 7627.
29, 263
What are the prime factors of 7689?
3, 11, 233
What are the prime factors of 21250?
2, 5, 17
List the prime factors of 222.
2, 3, 37
What are the prime factors of 3901?
47, 83
List the prime factors of 934.
2, 467
List the prime factors of 4318.
2, 17, 127
List the prime factors of 5811.
3, 13, 149
List the prime factors of 23216.
2, 1451
List the prime factors of 1411.
17, 83
What are the prime factors of 3657?
3, 23, 53
What are the prime factors of 39056?
2, 2441
What are the prime factors of 37520?
2, 5, 7, 67
List the prime factors of 27860.
2, 5, 7, 199
List the prime factors of 2712.
2, 3, 113
What are the prime factors of 12850?
2, 5, 257
List the prime factors of 1038.
2, 3, 173
What are the prime factors of 56438?
2, 28219
What are the prime factors of 778?
2, 389
List the prime factors of 107.
107
What are the prime factors of 42854?
2, 7, 3061
What are the prime factors of 6040?
2, 5, 151
List the prime factors of 18245.
5, 41, 89
What are the prime factors of 45629?
103, 443
What are the prime factors of 973?
7, 139
List the prime factors of 83926.
2, 29, 1447
List the prime factors of 6402.
2, 3, 11, 97
What are the prime factors of 58344?
2, 3, 11, 13, 17
What are the prime factors of 4724?
2, 1181
What are the prime factors of 9629?
9629
List the prime factors of 9000.
2, 3, 5
List the prime factors of 11644.
2, 41, 71
List the prime factors of 247.
13, 19
What are the prime factors of 3366?
2, 3, 11, 17
What are the prime factors of 6272?
2, 7
List the prime factors of 3325.
5, 7, 19
What are the prime factors of 1996?
2, 499
What are the prime factors of 234?
2, 3, 13
What are the prime factors of 3549?
3, 7, 13
List the prime factors of 24058.
2, 23, 523
List the prime factors of 72299.
197, 367
List the prime factors of 134.
2, 67
List the prime factors of 1252.
2, 313
List the prime factors of 1255.
5, 251
List the prime factors of 4400.
2, 5, 11
List the prime factors of 3244.
2, 811
List the prime factors of 1173.
3, 17, 23
What are the prime factors of 998?
2, 499
What are the prime factors of 7806?
2, 3, 1301
What are the prime factors of 2164?
2, 541
What are the prime factors of 583?
11, 53
List the prime factors of 14063.
7, 41
What are the prime factors of 14536?
2, 23, 79
List the prime factors of 36144.
2, 3, 251
List the prime factors of 28076.
2, 7019
What are the prime factors of 55?
5, 11
List the prime factors of 74889.
3, 53, 157
List the prime factors of 30165.
3, 5, 2011
List the prime factors of 30067.
107, 281
List the prime factors of 2999.
2999
List the prime factors of 265.
5, 53
What are the prime factors of 77170?
2, 5, 7717
List the prime factors of 180316.
2, 61, 739
What are the prime factors of 1173?
3, 17, 23
What are the prime factors of 4961?
11, 41
List the prime factors of 136817.
41, 47, 71
List the prime factors of 3003.
3, 7, 11, 13
What are the prime factors of 28624?
2, 1789
List the prime factors of 30327.
3, 11, 919
List the prime factors of 18077.
18077
What are the prime factors of 12077?
13, 929
What are the prime factors of 2193?
3, 17, 43
What are the prime factors of 1320?
2, 3, 5, 11
What are the prime factors of 902?
2, 11, 41
What are the prime factors of 3850?
2, 5, 7, 11
List the prime factors of 468.
2, 3, 13
What are the prime factors of 38609?
38609
List the prime factors of 4456.
2, 557
List the prime factors of 5212.
2, 1303
List the prime factors of 24271.
13, 1867
List the prime factors of 4783.
4783
What are the prime factors of 6621?
3, 2207
What are the prime factors of 5855?
5, 1171
What are the prime factors of 7748?
2, 13, 149
List the prime factors of 81456.
2, 3, 1697
List the prime factors of 82552.
2, 17, 607
List the prime factors of 2648.
2, 331
List the prime factors of 19303.
97, 199
List the prime factors of 686.
2, 7
What are the prime factors of 59918?
2, 29959
What are the prime factors of 1406?
2, 19, 37
What are the prime factors of 1849?
43
What are the prime factors of 29351?
7, 599
List the prime factors of 42611.
42611
List the prime factors of 4210.
2, 5, 421
What are the prime factors of 4473?
3, 7, 71
What are the prime factors of 2294?
2, 31, 37
What are the prime factors of 40654?
2, 20327
What are the prime factors of 8621?
37, 233
List the prime factors of 8875.
5, 71
What are the prime factors of 74919?
3, 13, 17, 113
What are the prime factors of 39904?
2, 29, 43
List the prime factors of 799.
17, 47
List the prime factors of 14163.
3, 4721
List the prime factors of 6614.
2, 3307
List the prime factors of 4276.
2, 1069
List the prime factors of 4450.
2, 5, 89
What are the prime factors of 3109?
3109
List the prime factors of 14405.
5, 43, 67
List the prime factors of 4421.
4421
List the prime factors of 1332.
2, 3, 37
List the prime factors of 3156.
2, 3, 263
What are the prime factors of 48632?
2, 6079
List the prime factors of 15482.
2, 7741
What are the prime factors of 1022?
2, 7, 73
List the prime factors of 826.
2, 7, 59
What are the prime factors of 4410?
2, 3, 5, 7
List the prime factors of 1883.
7, 269
List the prime factors of 37297.
13, 19, 151
What are the prime factors of 11340?
2, 3, 5, 7
What are the prime factors of 98995?
5, 13, 1523
List the prime factors of 15465.
3, 5, 1031
What are the prime factors of 711?
3, 79
List the prime factors of 66251.
97, 683
What are the prime factors of 204?
2, 3, 17
List the prime factors of 4502.
2, 2251
List the prime factors of 396.
2, 3, 11
What are the prime factors of 1954?
2, 977
List the prime factors of 4399.
53, 83
What are the prime factors of 1395?
3, 5, 31
List the prime factors of 36557.
139, 263
What are the prime factors of 1133?
11, 103
List the prime factors of 2025.
3, 5
What are the prime factors of 1353?
3, 11, 41
What are the prime factors of 30689?
30689
List the prime factors of 953.
953
What are the prime factors of 13103?
13103
What are the prime factors of 49571?
19, 2609
List the prime factors of 157.
157
List the prime factors of 6744.
2, 3, 281
List the prime factors of 8967.
3, 7, 61
List the prime factors of 1955.
5, 17, 23
List the prime factors of 174868.
2, 43717
What are the prime factors of 113908?
2, 28477
List the prime factors of 2078.
2, 1039
List the prime factors of 3200.
2, 5
List the prime factors of 7873.
7873
List the prime factors of 1318.
2, 659
List the prime factors of 1791.
3, 199
What are the prime factors of 1254?
2, 3, 11, 19
List the prime factors of 108204.
2, 3, 71, 127
What are the prime factors of 25694?
2, 29, 443
List the prime factors of 5537.
7, 113
What are the prime factors of 101701?
101701
What are the prime factors of 4435?
5, 887
List the prime factors of 5090.
2, 5, 509
What are the prime factors of 52219?
79, 661
What are the prime factors of 3376?
2, 211
List the prime factors of 1639.
11, 149
What are the prime factors of 8966?
2, 4483
List the prime factors of 776.
2, 97
What are the prime factors of 1147?
31, 37
What are the prime factors of 31394?
2, 11, 1427
What are the prime factors of 7855?
5, 1571
What are the prime factors of 36957?
3, 97, 127
List the prime factors of 7382.
2, 3691
What are the prime factors of 1872?
2, 3, 13
What are the prime factors of 4518?
2, 3, 251
List the prime factors of 12673.
19, 23, 29
What are the prime factors of 2562?
2, 3, 7, 61
List the prime factors of 17415.
3, 5, 43
What are the prime factors of 12129?
3, 13, 311
What are the prime factors of 1288?
2, 7, 23
What are the prime factors of 15705?
3, 5, 349
List the prime factors of 3944.
2, 17, 29
List the prime factors of 3810.
2, 3, 5, 127
What are the prime factors of 180?
2, 3, 5
List the prime factors of 1455.
3, 5, 97
What are the prime factors of 12684?
2, 3, 7, 151
What are the prime factors of 518?
2, 7, 37
What are the prime factors of 5214?
2, 3, 11, 79
What are the prime factors of 4072?
2, 509
List the prime factors of 62933.
13, 47, 103
List the prime factors of 2727.
3, 101
What are the prime factors of 146559?
3, 7, 997
List the pri